 the highest common factor of 88 and 187.
11
Calculate the highest common divisor of 324 and 12.
12
What is the greatest common factor of 13046 and 22?
22
Calculate the greatest common divisor of 22 and 4675.
11
Calculate the highest common factor of 206 and 5253.
103
Calculate the highest common factor of 13 and 832.
13
Calculate the greatest common factor of 127 and 7747.
127
Calculate the greatest common divisor of 2384 and 1639.
149
Calculate the highest common factor of 32 and 432.
16
What is the greatest common divisor of 2080 and 20?
20
What is the highest common divisor of 201 and 6?
3
What is the highest common factor of 4 and 46?
2
Calculate the greatest common divisor of 22 and 8921.
11
What is the greatest common factor of 276 and 84?
12
What is the highest common factor of 9329 and 133?
19
What is the highest common factor of 611 and 47?
47
Calculate the greatest common factor of 49 and 3871.
49
Calculate the greatest common factor of 88 and 2882.
22
What is the greatest common divisor of 8968 and 8?
8
What is the greatest common divisor of 1659 and 63?
21
Calculate the greatest common divisor of 83 and 913.
83
What is the greatest common divisor of 312 and 728?
104
Calculate the highest common factor of 1012 and 836.
44
Calculate the greatest common factor of 95 and 209.
19
What is the highest common divisor of 19 and 1387?
19
Calculate the greatest common divisor of 39 and 39.
39
What is the highest common factor of 32 and 64?
32
Calculate the highest common factor of 5181 and 628.
157
What is the highest common factor of 92 and 69?
23
What is the greatest common factor of 43 and 32?
1
Calculate the greatest common factor of 46 and 55591.
23
Calculate the highest common divisor of 855 and 38.
19
What is the greatest common factor of 51 and 391?
17
What is the greatest common divisor of 1763 and 903?
43
Calculate the greatest common factor of 134 and 8.
2
Calculate the highest common factor of 540 and 72.
36
What is the highest common divisor of 121 and 968?
121
What is the highest common factor of 23 and 23?
23
What is the highest common divisor of 40 and 56?
8
Calculate the highest common divisor of 1162 and 154.
14
Calculate the highest common factor of 573 and 39.
3
Calculate the highest common divisor of 91 and 11921.
91
Calculate the greatest common factor of 48 and 12.
12
Calculate the greatest common factor of 44 and 160.
4
What is the highest common divisor of 371 and 91?
7
Calculate the highest common divisor of 8 and 3464.
8
What is the highest common factor of 38 and 4522?
38
What is the highest common factor of 91 and 572?
13
Calculate the highest common factor of 204 and 48.
12
What is the greatest common divisor of 76 and 1026?
38
What is the greatest common factor of 210 and 273?
21
Calculate the highest common divisor of 111 and 6.
3
What is the greatest common factor of 222 and 4773?
111
What is the greatest common factor of 528 and 96?
48
What is the highest common divisor of 2 and 58?
2
What is the greatest common factor of 1917 and 243?
27
What is the highest common divisor of 64 and 94?
2
What is the highest common divisor of 16 and 24?
8
Calculate the greatest common factor of 147 and 7.
7
What is the highest common factor of 1608 and 24?
24
Calculate the highest common factor of 3 and 726.
3
What is the highest common factor of 585 and 25?
5
What is the greatest common divisor of 176 and 30096?
176
What is the greatest common factor of 272 and 85?
17
What is the greatest common divisor of 324 and 126?
18
Calculate the greatest common factor of 192 and 256.
64
Calculate the highest common factor of 25 and 2200.
25
What is the highest common factor of 301 and 14?
7
What is the greatest common divisor of 70 and 875?
35
What is the greatest common divisor of 3874 and 39?
13
What is the highest common divisor of 13 and 949?
13
What is the greatest common divisor of 24 and 684?
12
What is the greatest common factor of 56 and 623?
7
What is the greatest common factor of 33 and 7249?
11
Calculate the highest common factor of 6 and 8.
2
Calculate the highest common factor of 413 and 177.
59
Calculate the highest common divisor of 9 and 48483.
9
Calculate the highest common factor of 210 and 138.
6
Calculate the highest common divisor of 48 and 80.
16
Calculate the highest common divisor of 2646 and 147.
147
What is the greatest common factor of 1065 and 15?
15
What is the greatest common factor of 16 and 688?
16
What is the highest common factor of 14 and 1792?
14
What is the highest common divisor of 645 and 15?
15
What is the highest common divisor of 180 and 195?
15
What is the greatest common divisor of 84 and 42?
42
What is the greatest common factor of 37 and 1221?
37
What is the greatest common factor of 301 and 5?
1
Calculate the highest common factor of 11675 and 100.
25
What is the highest common factor of 5523 and 28?
7
What is the greatest common factor of 1111 and 11?
11
What is the greatest common factor of 6 and 78?
6
What is the greatest common divisor of 248 and 899?
31
Calculate the greatest common divisor of 10 and 14770.
10
What is the greatest common divisor of 48 and 20?
4
What is the highest common divisor of 1044 and 1508?
116
What is the highest common factor of 1207 and 568?
71
Calculate the greatest common factor of 4 and 68.
4
Calculate the greatest common divisor of 7018 and 726.
242
Calculate the highest common factor of 2 and 1458.
2
Calculate the greatest common factor of 2758 and 14.
14
What is the greatest common divisor of 72 and 603?
9
What is the greatest common factor of 12460 and 560?
140
What is the greatest common factor of 245 and 105?
35
What is the highest common divisor of 26 and 1222?
26
Calculate the highest common divisor of 3 and 3.
3
What is the highest common divisor of 55 and 539?
11
What is the greatest common divisor of 203 and 145?
29
What is the highest common factor of 2945 and 95?
95
What is the greatest common factor of 400 and 75?
25
Calculate the highest common divisor of 2805 and 3135.
165
What is the highest common factor of 132 and 264?
132
What is the greatest common factor of 78476 and 23?
23
What is the highest common factor of 36 and 8604?
36
What is the highest common factor of 13298 and 61?
61
What is the greatest common factor of 20 and 30?
10
What is the greatest common factor of 100 and 45?
5
Calculate the greatest common factor of 1702 and 46.
46
What is the highest common factor of 221 and 85?
17
What is the greatest common divisor of 8 and 1400?
8
What is the highest common factor of 10 and 120?
10
Calculate the greatest common divisor of 441 and 84.
21
What is the highest common factor of 7030 and 76?
38
Calculate the greatest common factor of 2112 and 33.
33
Calculate the highest common factor of 68 and 516.
4
Calculate the highest common factor of 1560 and 104.
104
What is the greatest common factor of 18 and 5202?
18
Calculate the highest common factor of 66 and 429.
33
What is the greatest common divisor of 52 and 702?
26
What is the highest common divisor of 36 and 984?
12
What is the highest common divisor of 845 and 455?
65
Calculate the greatest common divisor of 1214 and 4.
2
Calculate the highest common divisor of 35 and 300.
5
Calculate the highest common divisor of 19 and 38969.
19
Calculate the highest common divisor of 6 and 354.
6
Calculate the highest common divisor of 84 and 36.
12
What is the highest common divisor of 270 and 675?
135
What is the greatest common factor of 748 and 484?
44
Calculate the greatest common divisor of 2547 and 18.
9
What is the greatest common divisor of 1528 and 4393?
191
Calculate the highest common divisor of 8 and 44.
4
What is the highest common factor of 328 and 41?
41
Calculate the highest common factor of 775 and 2.
1
What is the highest common divisor of 143 and 2717?
143
Calculate the highest common factor of 31 and 341.
31
Calculate the greatest common divisor of 2632 and 392.
56
What is the highest common divisor of 100 and 18925?
25
What is the highest common divisor of 6348 and 24?
12
What is the greatest common divisor of 297 and 66?
33
Calculate the highest common divisor of 4 and 2916.
4
What is the highest common divisor of 1644 and 60?
12
What is the highest common factor